1552
Calculate the greatest common divisor of 15019 and 72.
1
Calculate the greatest common divisor of 3373 and 8337674851.
3373
Calculate the greatest common divisor of 520 and 939926.
26
What is the highest common factor of 4638200 and 6475?
175
Calculate the greatest common divisor of 560022984 and 402.
402
What is the greatest common divisor of 682886712 and 22180?
4436
What is the highest common factor of 158347394 and 446?
446
Calculate the highest common divisor of 411 and 2168162.
137
Calculate the greatest common divisor of 17249 and 687391.
367
Calculate the highest common divisor of 119 and 3504346.
17
Calculate the greatest common factor of 32269 and 549.
61
What is the greatest common factor of 230362925 and 1295?
185
What is the greatest common factor of 85094 and 1075328?
542
Calculate the greatest common divisor of 3175 and 87882730.
635
What is the greatest common divisor of 1537793140 and 40?
20
What is the highest common factor of 2470 and 91784706?
494
What is the highest common divisor of 39 and 51034737?
39
What is the greatest common factor of 60383009 and 28427?
4061
What is the highest common factor of 393250 and 6123?
13
What is the greatest common divisor of 115072 and 5877024?
928
Calculate the greatest common factor of 3666578 and 8164.
314
Calculate the highest common divisor of 29028 and 716844.
492
Calculate the greatest common divisor of 17408 and 240176.
272
Calculate the greatest common factor of 1224 and 206376.
24
Calculate the highest common factor of 36114 and 100074.
78
What is the greatest common divisor of 17 and 38244611?
17
What is the highest common divisor of 3488112 and 10296?
72
Calculate the highest common factor of 814 and 65194.
74
Calculate the highest common divisor of 1225456 and 22834544.
6416
What is the highest common factor of 65456 and 3728?
16
What is the greatest common divisor of 36457788 and 16?
4
Calculate the highest common factor of 5134 and 66402.
34
Calculate the greatest common factor of 1389 and 17038400.
463
What is the highest common divisor of 7378142 and 1491562?
4426
Calculate the greatest common factor of 5226 and 37023402.
78
Calculate the highest common factor of 12755898 and 13482.
1926
What is the highest common divisor of 6810 and 10210?
10
What is the greatest common divisor of 2904654 and 1734?
102
Calculate the highest common factor of 14 and 12401690.
14
What is the highest common divisor of 5863788 and 114?
6
Calculate the highest common divisor of 2431045 and 610795.
4045
Calculate the highest common factor of 18 and 1349832.
6
Calculate the highest common divisor of 8234885 and 362029.
5099
Calculate the highest common factor of 2895819 and 1267.
181
Calculate the highest common factor of 63041 and 28677.
121
What is the highest common factor of 129554 and 303418?
422
Calculate the greatest common factor of 6944990 and 1170.
130
What is the highest common divisor of 90 and 44820910?
10
Calculate the highest common divisor of 10023 and 229411.
13
What is the greatest common factor of 923589378 and 162?
162
Calculate the highest common factor of 58 and 4337211.
29
What is the greatest common divisor of 5022 and 92988096?
186
What is the highest common divisor of 13640 and 27630?
10
What is the greatest common factor of 15893 and 129697?
23
Calculate the highest common divisor of 13165 and 1080491045.
13165
Calculate the highest common divisor of 7720 and 246340.
20
What is the highest common factor of 21431 and 22649?
29
What is the highest common divisor of 369 and 281907?
9
What is the highest common factor of 813350 and 200?
50
What is the highest common factor of 6028 and 13455156?
44
What is the greatest common divisor of 15984 and 230221548?
3996
What is the greatest common divisor of 12656 and 264874260?
3164
Calculate the highest common factor of 19811872 and 72.
8
Calculate the highest common divisor of 4850 and 23086.
194
What is the greatest common factor of 49448 and 195916?
28
Calculate the greatest common factor of 8262 and 276165.
153
Calculate the highest common divisor of 18558 and 187642.
2062
What is the greatest common divisor of 103698 and 75474?
126
Calculate the highest common divisor of 316269 and 99.
9
What is the highest common factor of 11 and 409651869?
11
Calculate the greatest common divisor of 54 and 163800414.
54
What is the greatest common divisor of 3386412 and 12?
12
Calculate the greatest common factor of 27 and 99856503.
27
Calculate the greatest common divisor of 6209890 and 1103.
1103
What is the highest common divisor of 764055 and 6750?
45
What is the greatest common divisor of 10530 and 4879290?
390
Calculate the greatest common factor of 510179997 and 69.
69
Calculate the greatest common factor of 348 and 7903196.
116
What is the greatest common factor of 1606698 and 234?
18
Calculate the highest common factor of 13743594 and 1242.
54
Calculate the greatest common factor of 518 and 161444801.
259
What is the greatest common factor of 3040 and 439850?
190
Calculate the highest common divisor of 136630 and 4979.
13
Calculate the greatest common factor of 88 and 33338756.
44
What is the highest common divisor of 709137 and 3159?
117
Calculate the greatest common divisor of 1149237 and 1750851.
7713
Calculate the highest common factor of 2172 and 20791108.
724
What is the highest common divisor of 230853 and 33495?
21
Calculate the greatest common divisor of 4644497 and 3718.
143
Calculate the highest common divisor of 146041 and 23901.
31
Calculate the greatest common divisor of 103087415 and 18529.
2647
Calculate the highest common divisor of 410147 and 145.
29
Calculate the greatest common divisor of 1638787535 and 203.
203
What is the greatest common divisor of 93631 and 785999?
109
What is the highest common factor of 3212720 and 2800?
560
What is the greatest common divisor of 152 and 40633324?
76
What is the greatest common factor of 149379 and 166347?
303
Calculate the highest common factor of 11834483 and 13373.
311
Calculate the highest common divisor of 1631514064 and 16.
16
Calculate the highest common divisor of 2329043 and 7232.
113
What is the highest common divisor of 4968590 and 1020?
170
Calculate the greatest common divisor of 36914760 and 7686.
1098
Calculate the greatest common factor of 15147 and 6638313.
561
Calculate the greatest common factor of 238298 and 3306.
38
What is the greatest common factor of 8 and 715371?
1
Calculate the highest common divisor of 384769 and 136895.
209
Calculate the greatest common divisor of 100719 and 2232558.
279
Calculate the highest common factor of 20917 and 1420747.
1609
Calculate the highest common factor of 1438010 and 560.
70
Calculate the greatest common divisor of 145285640 and 20.
20
Calculate the greatest common divisor of 448472 and 227896.
488
Calculate the highest common factor of 4800 and 532210200.
600
Calculate the greatest common divisor of 685 and 9103787.
137
What is the highest common divisor of 228575 and 94505?
205
Calculate the highest common divisor of 33 and 427881696.
33
Calculate the greatest common divisor of 12064 and 2675192.
3016
Calculate the highest common factor of 1461150 and 45270.
90
Calculate the greatest common divisor of 299640 and 14025.
165
What is the highest common divisor of 336 and 8021328?
336
Calculate the greatest common divisor of 10999676 and 8.
4
What is the greatest common factor of 56 and 319732980?
28
Calculate the greatest common factor of 495 and 5899190.
55
Calculate the highest common factor of 19096 and 989912.
616
What is the highest common divisor of 13 and 23519873?
13
What is the highest common factor of 328 and 1271460840?
328
Calculate the greatest common factor of 1163450 and 1600.
50
Calculate the highest common divisor of 185794482 and 1611.
537
Calculate the highest common factor of 342646 and 11733602.
2698
Calculate the greatest common factor of 840476440 and 856.
856
What is the highest common divisor of 20162835 and 1365?
105
What is the greatest common factor of 1484898 and 64698?
1578
Calculate the greatest common factor of 45 and 99299295.
45
What is the greatest common factor of 12 and 40156872?
12
Calculate the greatest common divisor of 342 and 930409822.
38
What is the greatest co